 the tens digit of 518?
1
What is the units digit of 8816?
6
What is the thousands digit of 1022?
1
What is the units digit of 8444?
4
What is the tens digit of 2210?
1
What is the hundreds digit of 1573?
5
What is the thousands digit of 2810?
2
What is the tens digit of 4954?
5
What is the hundreds digit of 3417?
4
What is the units digit of 327?
7
What is the thousands digit of 28424?
8
What is the hundreds digit of 174486?
4
What is the tens digit of 2047?
4
What is the tens digit of 13574?
7
What is the hundreds digit of 4543?
5
What is the hundreds digit of 22560?
5
What is the ten thousands digit of 21727?
2
What is the hundreds digit of 122114?
1
What is the units digit of 7632?
2
What is the units digit of 234?
4
What is the thousands digit of 2899?
2
What is the hundreds digit of 83868?
8
What is the tens digit of 8162?
6
What is the tens digit of 9091?
9
What is the units digit of 5981?
1
What is the tens digit of 4336?
3
What is the units digit of 2144?
4
What is the thousands digit of 20562?
0
What is the units digit of 80?
0
What is the hundreds digit of 1917?
9
What is the thousands digit of 4414?
4
What is the tens digit of 5729?
2
What is the hundreds digit of 1114?
1
What is the hundreds digit of 49608?
6
What is the hundreds digit of 4769?
7
What is the hundreds digit of 54049?
0
What is the tens digit of 684?
8
What is the units digit of 1312?
2
What is the thousands digit of 17685?
7
What is the units digit of 8210?
0
What is the ten thousands digit of 18661?
1
What is the tens digit of 3478?
7
What is the hundreds digit of 447?
4
What is the tens digit of 67321?
2
What is the hundreds digit of 619?
6
What is the hundreds digit of 313?
3
What is the thousands digit of 4500?
4
What is the ten thousands digit of 20614?
2
What is the thousands digit of 33875?
3
What is the thousands digit of 25389?
5
What is the units digit of 354?
4
What is the units digit of 858?
8
What is the tens digit of 718?
1
What is the units digit of 7648?
8
What is the units digit of 960?
0
What is the units digit of 2361?
1
What is the units digit of 2437?
7
What is the hundreds digit of 9464?
4
What is the hundreds digit of 48977?
9
What is the ten thousands digit of 17448?
1
What is the units digit of 990?
0
What is the thousands digit of 3235?
3
What is the tens digit of 171?
7
What is the hundreds digit of 1621?
6
What is the tens digit of 29176?
7
What is the hundreds digit of 2021?
0
What is the tens digit of 148571?
7
What is the thousands digit of 17342?
7
What is the hundreds digit of 327?
3
What is the thousands digit of 2673?
2
What is the ten thousands digit of 25930?
2
What is the units digit of 1885?
5
What is the tens digit of 2270?
7
What is the thousands digit of 10637?
0
What is the tens digit of 673?
7
What is the units digit of 23862?
2
What is the tens digit of 862?
6
What is the hundreds digit of 8355?
3
What is the hundreds digit of 2844?
8
What is the tens digit of 946?
4
What is the thousands digit of 35127?
5
What is the units digit of 53009?
9
What is the thousands digit of 13915?
3
What is the thousands digit of 41204?
1
What is the tens digit of 6877?
7
What is the tens digit of 96?
9
What is the tens digit of 113917?
1
What is the thousands digit of 7856?
7
What is the thousands digit of 1115?
1
What is the tens digit of 416?
1
What is the tens digit of 12899?
9
What is the hundreds digit of 492?
4
What is the hundreds digit of 545?
5
What is the units digit of 1088?
8
What is the tens digit of 13370?
7
What is the thousands digit of 8778?
8
What is the tens digit of 1414?
1
What is the units digit of 18534?
4
What is the hundreds digit of 15743?
7
What is the units digit of 18?
8
What is the thousands digit of 5527?
5
What is the tens digit of 4984?
8
What is the tens digit of 852?
5
What is the units digit of 18962?
2
What is the units digit of 926?
6
What is the hundreds digit of 274?
2
What is the hundreds digit of 169329?
3
What is the ten thousands digit of 15353?
1
What is the units digit of 1094?
4
What is the thousands digit of 2661?
2
What is the hundreds digit of 192?
1
What is the units digit of 17134?
4
What is the tens digit of 31576?
7
What is the tens digit of 3276?
7
What is the units digit of 2456?
6
What is the hundreds digit of 2882?
8
What is the thousands digit of 2676?
2
What is the hundreds digit of 4734?
7
What is the tens digit of 515?
1
What is the units digit of 1510?
0
What is the hundreds digit of 22709?
7
What is the tens digit of 14833?
3
What is the tens digit of 655?
5
What is the tens digit of 8095?
9
What is the thousands digit of 57946?
7
What is the tens digit of 22697?
9
What is the hundreds digit of 6722?
7
What is the units digit of 2322?
2
What is the tens digit of 9008?
0
What is the tens digit of 100854?
5
What is the units digit of 258?
8
What is the thousands digit of 123416?
3
What is the hundreds digit of 993?
9
What is the hundreds digit of 231?
2
What is the ten thousands digit of 51348?
5
What is the units digit of 32337?
7
What is the units digit of 8084?
4
What is the ten thousands digit of 44128?
4
What is the tens digit of 60216?
1
What is the units digit of 1374?
4
What is the hundreds digit of 142636?
6
What is the thousands digit of 39534?
9
What is the tens digit of 533?
3
What is the tens digit of 476?
7
What is the units digit of 27498?
8
What is the tens digit of 7826?
2
What is the hundreds digit of 10487?
4
What is the hundreds digit of 2588?
5
What is the tens digit of 4922?
2
What is the thousands digit of 87173?
7
What is the hundreds digit of 44147?
1
What is the ten thousands digit of 54300?
5
What is the units digit of 6576?
6
What is the hundreds digit of 25028?
0
What is the thousands digit of 1314?
1
What is the thousands digit of 37789?
7
What is the units digit of 33370?
0
What is the units digit of 158379?
9
What is the hundreds digit of 920?
9
What is the units digit of 1491?
1
What is the tens digit of 1383?
8
What is the hundreds digit of 164?
1
What is the thousands digit of 2500?
2
What is the ten thousands digit of 98915?
9
What is the hundreds digit of 24286?
2
What is the hundreds digit of 5798?
7
What is the thousands digit of 2565?
2
What is the hundreds digit of 40285?
2
What is the hundreds digit of 1065?
0
What is the hundreds digit of 41728?
7
What is the ten thousands digit of 18306?
1
What is the tens digit of 5724?
2
What is the units digit of 113?
3
What is the units digit of 13197?
7
What is the units digit of 3353?
3
What is the tens digit of 8810?
1
What is the units digit of 30935?
5
What is the units digit of 8046?
6
What is the tens digit of 164622?
2
What is the units digit of 142467?
7
What is the thousands digit of 23928?
3
What is the thousands digit of 1220?
1
What is the units digit of 6166?
6
What is the thousands digit of 33626?
3
What is the hundreds digit of 14233?
2
What is the hundreds digit of 591?
5
What is the tens digit of 1326?
2
What is the ten thousands digit of 72490?
7
What is the hundreds digit of 2293?
2
What is the thousands digit of 31262?
1
What is the tens digit of 1460?
6
What is the tens digit of 107762?
6
What is the ten thousands digit of 14154?
1
What is the hundreds digit of 14664?
6
What is the thousands digit of 6571?
6
What is the tens digit of 783?
8
What is the tens digit of 619?
1
What is the thousands digit of 5880?
5
What is the tens digit of 5762?
6
What is the hundreds digit of 2255?
2
What is the units digit of 1398?
8
What is the thousands digit of 30476?
0
What is the tens digit of 12836?
3
What is the tens digit of 28568?
6
What is the thousands digit of 59965?
9
What is the thousands digit of 18677?
8
What is the units digit of 1869?
9
What is the units digit of 927?
7
What is the hundreds digit of 5297?
2
What is the hundreds digit of 3545?
5
What is the thousands digit of 4308?
4
What is the hundreds digit of 5517?
5
What is the tens digit of 3696?
9
What is the hundreds digit of 3054?
0
What is the thousands digit of 1120?
1
What is the thousands digit of 20893?
0
What is the tens digit of 6483?
8
What is the units digit of 1723?
3
What is the tens digit of 6415?
1
What is the units digit of 1814?
4
What is the tens digit of 36700?
0
What is the units digit of 9677?
